the remainder when 17 is divided by (0 - 3)*15/(-9).
2
Let k(g) = -4 - 2*g**2 - 4*g**3 - g**2 + 0 + 3*g + 3*g**3. Let q be k(-4). Suppose 2*p - 59 + 11 = q. Calculate the remainder when p is divided by 13.
11
Suppose -5*t - 79 = 3*s, t - 165 = 5*s - 24. Let m = s - -39. Let d = 569 + -538. What is the remainder when d is divided by m?
9
Suppose 0 = -t - 4*g + g - 8, 3*t + 3*g = -6. Calculate the remainder when ((-36)/(-8))/(t/2) is divided by 3.
0
Let d(h) = 5*h**3 - h**2 - h. Let c be d(-1). Let f = 24 - c. Suppose -5*u - 20 = 0, -3*t - 8*u = -5*u - 36. What is the remainder when f is divided by t?
13
Let t = -1 - 5. Let y be (-4)/(-18) + t/27. Suppose 2*r - 5 - 9 = y. What is the remainder when 12 is divided by r?
5
Let c(u) = -3*u**2 + 2. Let b be c(-2). Let m = 26 + -15. What is the remainder when m is divided by 8/10*b/(-2)?
3
Let x = -120 + 201. What is the remainder when x is divided by 14?
11
Let h(w) = -17*w**3 + 9*w - 8*w**2 - 4 - 2*w + 16*w**3 - 6. What is the remainder when 22 is divided by h(-9)?
6
Suppose -140 = -11*i + 4*i. What is the remainder when 59 is divided by i?
19
Suppose -4*w + 16 = -0*w. Suppose -w*d - 4*b = -222 + 54, 0 = -3*b - 6. What is the remainder when d is divided by 15?
14
Suppose -2*s + 18 = 3*w, 3*s - 3*w = s + 18. Let x(c) = 2*c - 1. Let t be x(-1). Let g = s + t. Calculate the remainder when g is divided by 2.
0
Let k(w) = -2*w - 7. Let y be k(-6). Let d(o) = 3*o + 3. What is the remainder when d(y) is divided by 10?
8
Let u(f) = -f**2 + 8*f - 3. Let x be u(5). Let s = x + 19. Suppose -4*b + 35 = -9. Calculate the remainder when s is divided by b.
9
Suppose 390 = 2*i + 4*q, -2*q - 311 - 429 = -4*i. Suppose 61 = -3*r + i. What is the remainder when r is divided by 11?
9
Let i(s) = -s**2 + 1. Let r(o) = 5*o**2 + 5*o - 3. Let a(g) = 6*i(g) + r(g). What is the remainder when 12 is divided by a(4)?
5
Let a(n) = n**3 + 7*n**2 - 7*n + 11. Let z be a(-8). Suppose -z + 14 = q. Calculate the remainder when 32 is divided by q.
10
What is the remainder when 24/(-108) - (-454)/18 is divided by 14?
11
Suppose -4*x + 145 = x. Let t(u) = u - 5. Let z be t(7). Suppose -4*s + z*o = -42, -5*s + 2*o + 48 = 4*o. What is the remainder when x is divided by s?
9
Let v(r) be the second derivative of r**3/6 + r**2/2 - 2*r. Let s be ((-4)/(-1))/((-8)/(-12)). What is the remainder when v(s) is divided by 3?
1
Suppose 5*o = 4*o + 5*p + 34, 3*p + 3 = 0. What is the remainder when o is divided by 16?
13
Let i = -4 - -4. Suppose l = 4*t - 60, -3*t = -i*t + l - 52. Let y = 26 - t. Calculate the remainder when y is divided by 4.
2
Let i = -12 - -18. Calculate the remainder when 474/42 + 4/(-14) is divided by i.
5
Suppose 0 = -7*g + 70 + 28. Let c(z) = 4*z**3 + z**2 - 1. What is the remainder when g is divided by c(1)?
2
Let j = -31 - -44. Let u(z) = z**3 + 5. Let h be u(0). Calculate the remainder when (-244)/(-10) - 2/h is divided by j.
11
Let a(u) = -u + 1. Let g be a(-2). What is the remainder when g/9 + (-146)/(-3) is divided by 13?
10
Let x(u) = -65*u - 1. Let k(n) = 2*n**3 - 2*n**2 - 4*n + 6. Let y be k(3). Let m = 52 - y. Calculate the remainder when x(-1) is divided by m.
20
Suppose -5*u + 311 = -39. What is the remainder when u is divided by 18?
16
Let u(h) = h**3 - 6*h**2 - 6*h - 8. Let l be u(7). Let n = 4 + 0. What is the remainder when (-3 - l) + 7 + 2 is divided by n?
3
Let o = -34 - -55. Let z = o + -11. Calculate the remainder when 29 is divided by z.
9
Let u = 16 - 0. What is the remainder when 29 is divided by u?
13
Let w = 20 + -12. What is the remainder when 2 + (-2 - (0 - 23)) is divided by w?
7
Suppose -20 = -c + 7. Calculate the remainder when c is divided by 10.
7
Suppose -h + 4*v = 6, 11 = 3*v + 5. Suppose 5*n = -h*b - 0*n + 27, -4*b - n = -27. Let q = -41 + 58. What is the remainder when q is divided by b?
5
Let l(y) = 3*y**2 - 9*y - 6. What is the remainder when 93 is divided by l(5)?
21
Let t(p) = -8*p + 3. Suppose -3*j + 42 = -0*j. What is the remainder when t(-3) is divided by j?
13
Let m(r) = -r**2 - 3*r + 1. Let d be m(1). What is the remainder when d + 11*(3 + 2) is divided by 18?
16
Let t = -10 + 2. Let w(g) = g**2 + 5*g + 6. What is the remainder when w(t) is divided by 11?
8
Suppose 4*w + 4*t - 3*t - 10 = 0, 5*w + t = 13. Suppose 2*k - 6 = -4*n, -2*k + k + 8 = -w*n. Calculate the remainder when 19 is divided by k.
4
Let z(d) be the first derivative of d**3/3 - 4*d**2 - 6*d - 3. Let s(j) = j**3 + 3*j**2 - j + 2. What is the remainder when s(-2) is divided by z(9)?
2
Suppose 3*f = -5*a + 140, -a + 3*f = -2*f. What is the remainder when 74 is divided by a?
24
Let o = -22 - -44. Suppose -2*l - 72 = -3*l. What is the remainder when o is divided by ((-1)/(-2))/(3/l)?
10
Calculate the remainder when ((-44)/3)/(20/(-30)) is divided by 6.
4
Let s(v) = -v**2 + 4*v + 7. What is the remainder when 55 is divided by s(3)?
5
Suppose -4*w - 12 = 0, m + 11*w - 6*w - 9 = 0. What is the remainder when m is divided by 14?
10
Suppose -4*u + 9 = -4*d + 49, -5*u + 70 = 5*d. Let r(z) = -3*z - 13. What is the remainder when d is divided by r(-6)?
2
Let r(y) = -14 - 4*y + 3*y**2 + 4 - 2*y**2. Calculate the remainder when 42 is divided by r(8).
20
Suppose 0*o + 4*c = 4*o + 8, 2*o - 5*c = -4. What is the remainder when 155/10*o/(-1) is divided by 11?
9
Let q(w) = 21*w + 6. What is the remainder when q(2) is divided by 17?
14
Let o(y) = -y**2 - 4*y - 3. Let x be o(-3). Suppose -2*j + 6*j - 12 = x. Calculate the remainder when 7 is divided by j.
1
Let w(d) = 7*d**2 - 3*d + 8. Let s be w(-6). Suppose -4*v + 14 + s = 0. Calculate the remainder when v is divided by 25.
23
Suppose -60 = -101*c + 99*c. What is the remainder when 82 is divided by c?
22
Suppose 5*s = 19 - 229. What is the remainder when 61 is divided by (s/8)/(7/(-28))?
19
Let i(h) = h**2 - h + 6. Let w be 99/(-21) - 4/14. Let n be i(w). Let t = -23 + n. What is the remainder when 38 is divided by t?
12
Let o = -5 - -25. Suppose 5*h + 4*d - 51 = 0, 5*h - d - 43 = -3*d. What is the remainder when o is divided by h?
6
Let x = 9 + -5. Calculate the remainder when 3/1 - (-88)/x is divided by 9.
7
Let p be (-1)/1*(-5 - -2). Let k = 133 + p. Calculate the remainder when (9/(-6))/((-6)/k) is divided by 12.
10
Suppose -3*r + 50 = -r. Let b = -15 - -24. What is the remainder when r is divided by b?
7
Suppose 0*n + 5*n - 2*p - 185 = 0, -2*n = 3*p - 93. Calculate the remainder when 77 is divided by n.
38
Let r(q) = q**2 - 2*q + 5. Calculate the remainder when r(4) is divided by 4.
1
Suppose 6*a - 32 - 22 = 0. Let d(n) = n**2 - 2*n. Calculate the remainder when d(-5) is divided by a.
8
Let m = -8 + 4. Let a(w) = w**3 + 3*w**2 - 6*w - 4. Let j = 2 + 1. Calculate the remainder when a(m) is divided by j.
1
Suppose -6*i + 4*i = -66. Calculate the remainder when i is divided by 9.
6
Let q(h) = h**3 + 5*h**2 - h + 1. Calculate the remainder when q(-5) is divided by 3.
0
Suppose 3*c - 92 = -2*p - c, 2*p - 86 = -c. What is the remainder when p is divided by 23?
19
Let w(f) = f**3 + 3*f**2 - 4*f + 3. Let o be w(-4). Suppose -t + 4*z + 51 = 0, 5*t - 230 = t + o*z. What is the remainder when t is divided by 20?
19
Suppose -o = -4*q + 7 + 4, -4*q = -3*o - 1. Let h be (2 + -2 + -3)*-1. Suppose -14 = 2*d - h*d. What is the remainder when d is divided by o?
4
Suppose -s + 19 - 3 = 0. Calculate the remainder when 60 is divided by s.
12
Let m = 6 - -4. Let a = 38 - 14. Suppose 2*y = 4*d + a, 3 + 3 = 2*d. Calculate the remainder when y is divided by m.
8
Let n(h) = -h**3 - 5*h**2 - 2*h - 6. Let w be n(-5). Suppose 4*t + 25 = -t, 4*t - 12 = -w*x. Calculate the remainder when 31 is divided by x.
7
Let z be 0/((0 - 0) + 1). Let h(y) = y**3 - y**2 + y + 59. What is the remainder when h(z) is divided by 15?
14
Suppose 5*g - 1334 = -m, -g - 3*m + 278 = -0*g. Suppose 5*o - 2*u - g = 0, o - 3*u + 222 = 5*o. What is the remainder when o is divided by 14?
12
Suppose -5*i + 27 + 48 = 0. Suppose 0 = l - m + 3 - 41, 2*l = -4*m + 100. Calculate the remainder when l is divided by i.
12
Suppose q = -5*x - 2*q + 85, 5*q + 25 = 0. What is the remainder when 58 is divided by x?
18
Let j(v) = 11*v**3 - v + 1. Let y be j(1). Let x(o) = o**3 - 10*o**2 - 9*o + 15. What is the remainder when 108 is divided by x(y)?
34
Su